{"id":2944,"date":"2020-07-09T13:00:34","date_gmt":"2020-07-09T10:00:34","guid":{"rendered":"https:\/\/www.duruhd.com\/hd20\/u-l-v-dezenfeksiyon-cihazi-copy\/"},"modified":"2025-12-22T17:02:35","modified_gmt":"2025-12-22T14:02:35","slug":"termal-el-tipi-kanal-ilaclama-bocek-ilaclama87","status":"publish","type":"page","link":"https:\/\/www.duruhd.com\/hd20\/termal-el-tipi-kanal-ilaclama-bocek-ilaclama87\/","title":{"rendered":"Termal El Tipi &#8211; Kanal \u0130la\u00e7lama Don \u00d6nleme"},"content":{"rendered":"\t\t<div data-elementor-type=\"wp-page\" data-elementor-id=\"2944\" class=\"elementor elementor-2944\" data-elementor-settings=\"[]\">\n\t\t\t\t\t\t<div class=\"elementor-inner\">\n\t\t\t\t\t\t\t<div class=\"elementor-section-wrap\">\n\t\t\t\t\t\t\t<section class=\"elementor-section elementor-top-section elementor-element elementor-element-4b02741 elementor-section-boxed elementor-section-height-default elementor-section-height-default\" data-id=\"4b02741\" data-element_type=\"section\">\n\t\t\t\t\t\t<div class=\"elementor-container elementor-column-gap-default\">\n\t\t\t\t\t\t\t<div class=\"elementor-row\">\n\t\t\t\t\t<div class=\"elementor-column elementor-col-100 elementor-top-column elementor-element elementor-element-768e199\" data-id=\"768e199\" data-element_type=\"column\">\n\t\t\t<div class=\"elementor-column-wrap elementor-element-populated\">\n\t\t\t\t\t\t\t<div class=\"elementor-widget-wrap\">\n\t\t\t\t\t\t<div class=\"elementor-element elementor-element-2a243c2 elementor-widget elementor-widget-text-editor\" data-id=\"2a243c2\" data-element_type=\"widget\" data-widget_type=\"text-editor.default\">\n\t\t\t\t<div class=\"elementor-widget-container\">\n\t\t\t\t\t\t\t\t<div class=\"elementor-text-editor elementor-clearfix\">\n\t\t\t\t<p style=\"text-align: right;\">Termal el tipi\u00a0 kanal sisleme\u00a0<\/p>\t\t\t\t\t<\/div>\n\t\t\t\t\t\t<\/div>\n\t\t\t\t<\/div>\n\t\t\t\t\t\t<\/div>\n\t\t\t\t\t<\/div>\n\t\t<\/div>\n\t\t\t\t\t\t\t\t<\/div>\n\t\t\t\t\t<\/div>\n\t\t<\/section>\n\t\t\t\t<section class=\"elementor-section elementor-top-section elementor-element elementor-element-b7613c6 elementor-section-boxed elementor-section-height-default elementor-section-height-default\" data-id=\"b7613c6\" data-element_type=\"section\">\n\t\t\t\t\t\t<div class=\"elementor-container elementor-column-gap-default\">\n\t\t\t\t\t\t\t<div class=\"elementor-row\">\n\t\t\t\t\t<div class=\"elementor-column elementor-col-50 elementor-top-column elementor-element elementor-element-c874089\" data-id=\"c874089\" data-element_type=\"column\">\n\t\t\t<div class=\"elementor-column-wrap elementor-element-populated\">\n\t\t\t\t\t\t\t<div class=\"elementor-widget-wrap\">\n\t\t\t\t\t\t<div class=\"elementor-element elementor-element-69a72b6 animated-slow elementor-invisible elementor-widget elementor-widget-image\" data-id=\"69a72b6\" data-element_type=\"widget\" data-settings=\"{&quot;_animation&quot;:&quot;fadeIn&quot;}\" data-widget_type=\"image.default\">\n\t\t\t\t<div class=\"elementor-widget-container\">\n\t\t\t\t\t\t\t\t<div class=\"elementor-image\">\n\t\t\t\t\t\t\t\t\t\t\t\t\t<a href=\"https:\/\/www.duruhd.com\/hd20\/kanalizasyon-bocek-larva-dumanli-ilaclama-101\/\">\n\t\t\t\t\t\t\t<img loading=\"lazy\" decoding=\"async\" width=\"300\" height=\"298\" src=\"https:\/\/www.duruhd.com\/hd20\/wp-content\/uploads\/2022\/11\/sicak-sisleme-termal-ilaclama-makinasi-.jpg\" class=\"attachment-medium size-medium\" alt=\"don makinas\u0131\" srcset=\"https:\/\/www.duruhd.com\/hd20\/wp-content\/uploads\/2022\/11\/sicak-sisleme-termal-ilaclama-makinasi-.jpg 300w, https:\/\/www.duruhd.com\/hd20\/wp-content\/uploads\/2022\/11\/sicak-sisleme-termal-ilaclama-makinasi--150x150.jpg 150w\" sizes=\"(max-width: 300px) 100vw, 300px\" \/>\t\t\t\t\t\t\t\t<\/a>\n\t\t\t\t\t\t\t\t\t\t\t\t\t\t<\/div>\n\t\t\t\t\t\t<\/div>\n\t\t\t\t<\/div>\n\t\t\t\t<div class=\"elementor-element elementor-element-dd28336 elementor-align-center elementor-widget elementor-widget-button\" data-id=\"dd28336\" data-element_type=\"widget\" data-widget_type=\"button.default\">\n\t\t\t\t<div class=\"elementor-widget-container\">\n\t\t\t\t\t<div class=\"elementor-button-wrapper\">\n\t\t\t<a href=\"https:\/\/www.duruhd.com\/hd20\/termal-el-tipi-kanal-ilaclama-bocek-ilaclama87\/\" class=\"elementor-button-link elementor-button elementor-size-sm\" role=\"button\">\n\t\t\t\t\t\t<span class=\"elementor-button-content-wrapper\">\n\t\t\t\t\t\t<span class=\"elementor-button-text\">\u00dcR\u00dcN\u00dc \u0130NCELE<\/span>\n\t\t<\/span>\n\t\t\t\t\t<\/a>\n\t\t<\/div>\n\t\t\t\t<\/div>\n\t\t\t\t<\/div>\n\t\t\t\t\t\t<\/div>\n\t\t\t\t\t<\/div>\n\t\t<\/div>\n\t\t\t\t<div class=\"elementor-column elementor-col-50 elementor-top-column elementor-element elementor-element-3fb5255\" data-id=\"3fb5255\" data-element_type=\"column\">\n\t\t\t<div class=\"elementor-column-wrap elementor-element-populated\">\n\t\t\t\t\t\t\t<div class=\"elementor-widget-wrap\">\n\t\t\t\t\t\t<div class=\"elementor-element elementor-element-f299e44 animated-slow elementor-invisible elementor-widget elementor-widget-image\" data-id=\"f299e44\" data-element_type=\"widget\" data-settings=\"{&quot;_animation&quot;:&quot;fadeIn&quot;}\" data-widget_type=\"image.default\">\n\t\t\t\t<div class=\"elementor-widget-container\">\n\t\t\t\t\t\t\t\t<div class=\"elementor-image\">\n\t\t\t\t\t\t\t\t\t<figure class=\"wp-caption\">\n\t\t\t\t\t\t\t\t\t\t\t<a href=\"https:\/\/www.duruhd.com\/hd20\/termal-pa-120-s-sisleme-ilaclama-makinasi-1977\/\">\n\t\t\t\t\t\t\t<img loading=\"lazy\" decoding=\"async\" width=\"300\" height=\"298\" src=\"https:\/\/www.duruhd.com\/hd20\/wp-content\/uploads\/2025\/12\/sicak-sisleme-termal-ilaclama-makinasi-dumanlama-sis-don-onleyici.jpg\" class=\"attachment-medium size-medium\" alt=\"\" srcset=\"https:\/\/www.duruhd.com\/hd20\/wp-content\/uploads\/2025\/12\/sicak-sisleme-termal-ilaclama-makinasi-dumanlama-sis-don-onleyici.jpg 300w, https:\/\/www.duruhd.com\/hd20\/wp-content\/uploads\/2025\/12\/sicak-sisleme-termal-ilaclama-makinasi-dumanlama-sis-don-onleyici-150x150.jpg 150w\" sizes=\"(max-width: 300px) 100vw, 300px\" \/>\t\t\t\t\t\t\t\t<\/a>\n\t\t\t\t\t\t\t\t\t\t\t<figcaption class=\"widget-image-caption wp-caption-text\"> <\/figcaption>\n\t\t\t\t\t\t\t\t\t\t<\/figure>\n\t\t\t\t\t\t\t\t<\/div>\n\t\t\t\t\t\t<\/div>\n\t\t\t\t<\/div>\n\t\t\t\t<div class=\"elementor-element elementor-element-e863f1a elementor-align-center elementor-widget elementor-widget-button\" data-id=\"e863f1a\" data-element_type=\"widget\" data-widget_type=\"button.default\">\n\t\t\t\t<div class=\"elementor-widget-container\">\n\t\t\t\t\t<div class=\"elementor-button-wrapper\">\n\t\t\t<a href=\"https:\/\/www.duruhd.com\/hd20\/termal-pa-120-s-sisleme-ilaclama-makinasi-1977\/\" class=\"elementor-button-link elementor-button elementor-size-sm\" role=\"button\">\n\t\t\t\t\t\t<span class=\"elementor-button-content-wrapper\">\n\t\t\t\t\t\t<span class=\"elementor-button-text\">\u00dcR\u00dcN\u00dc \u0130NCELE<\/span>\n\t\t<\/span>\n\t\t\t\t\t<\/a>\n\t\t<\/div>\n\t\t\t\t<\/div>\n\t\t\t\t<\/div>\n\t\t\t\t\t\t<\/div>\n\t\t\t\t\t<\/div>\n\t\t<\/div>\n\t\t\t\t\t\t\t\t<\/div>\n\t\t\t\t\t<\/div>\n\t\t<\/section>\n\t\t\t\t<section class=\"elementor-section elementor-top-section elementor-element elementor-element-389d18b elementor-section-boxed elementor-section-height-default elementor-section-height-default\" data-id=\"389d18b\" data-element_type=\"section\">\n\t\t\t\t\t\t<div class=\"elementor-container elementor-column-gap-default\">\n\t\t\t\t\t\t\t<div class=\"elementor-row\">\n\t\t\t\t\t<div class=\"elementor-column elementor-col-100 elementor-top-column elementor-element elementor-element-6eeb278\" data-id=\"6eeb278\" data-element_type=\"column\">\n\t\t\t<div class=\"elementor-column-wrap elementor-element-populated\">\n\t\t\t\t\t\t\t<div class=\"elementor-widget-wrap\">\n\t\t\t\t\t\t<div class=\"elementor-element elementor-element-7dbe765 elementor-widget elementor-widget-text-editor\" data-id=\"7dbe765\" data-element_type=\"widget\" data-widget_type=\"text-editor.default\">\n\t\t\t\t<div class=\"elementor-widget-container\">\n\t\t\t\t\t\t\t\t<div class=\"elementor-text-editor elementor-clearfix\">\n\t\t\t\t<h5><span style=\"color: #008000;\">Termal el tipi | Kanal sisleme | Don \u00d6nleme&nbsp;<\/span><\/h5>\n<p><span style=\"color: #000000;\">Termal el tipi ve&nbsp; kanal \u0130la\u00e7lama makinesi ila\u00e7 ve ya\u011f bazl\u0131 sol\u00fcsyonun kar\u0131\u015f\u0131m form\u00fclasyonunu y\u00fcksek \u0131s\u0131ya maruz b\u0131rakarak 20\u00b5m \u00e7ap\u0131nda ila\u00e7lama ger\u00e7ekle\u015ftirmektedir. <\/span><span style=\"color: #000000;\">Paslanmaz \u00e7elikten \u00fcretilen ekstra esnek hortumu kanal sisleme uygulamalar\u0131 ve \u00e7\u00f6p konteyn\u0131rlar\u0131n\u0131, larva, sinek, sivri sinek, ve b\u00fcy\u00fck c\u00fcsseli b\u00f6cekleri ila\u00e7lamak i\u00e7in tasarlanm\u0131\u015ft\u0131r.&nbsp;<\/span><\/p>\n<p><span style=\"color: #000000;\">Termal el tipi kanal ila\u00e7lama makinas\u0131 Hortum ba\u011flant\u0131s\u0131 \u00e7\u0131kar\u0131ld\u0131\u011f\u0131 takdirde ayn\u0131 zamanda a\u00e7\u0131k alan s\u0131cak sisleme uygulamas\u0131 yap\u0131labilmekte, ve don \u00f6nleyici olarak kullan\u0131lmaktad\u0131r .<\/span><\/p>\n<p><span style=\"color: #000000;\">Termal el tipi ve kanal ila\u00e7lama makinas\u0131&nbsp; Ergonomik yap\u0131s\u0131 ve zor g\u00f6revler i\u00e7in tasarlanm\u0131\u015f dolgu tekerlekleri ve frenli sistem tekerlekleri ile kolay kullan\u0131m ve kolay transfer imkan\u0131 sa\u011flamaktad\u0131r.<\/span><\/p>\n<p><span style=\"color: #000000;\">20\u00b5m \u00e7ap\u0131nda ila\u00e7lama yapt\u0131\u011f\u0131ndan dolay\u0131 U\u00e7kun m\u00fccadelesini hedef alan bir makinedir.<\/span><br><span style=\"color: #000000;\">Termal el tipi ve Kanal sisleme makinesinin \u00fcretti\u011fi 1 zerreci\u011fin hava sirk\u00fclasyonu olmayan b\u00f6lgede 10 metre y\u00fckseklikten yere d\u00fc\u015fmesi s\u00fcresi 14 dakikad\u0131r. Hava sirk\u00fclasyonu olan bir kanalizasyonda ise bu s\u00fcre daha uzundur ve y\u00fcksek verimli bir biyosidal uygulama yap\u0131lmas\u0131n\u0131 sa\u011flamaktad\u0131r.<\/span><\/p>\n<p><span style=\"color: #000000;\">Kullan\u0131m ve \u00fcretim amac\u0131 \u00c7evre Sa\u011fl\u0131\u011f\u0131 alan\u0131nda biyosidal \u00fcr\u00fcn p\u00fcsk\u00fcrterek Halk Sa\u011fl\u0131\u011f\u0131n\u0131 bula\u015f\u0131c\u0131 hastal\u0131klara kar\u015f\u0131 korumaktad\u0131r.<\/span><\/p>\n<h5><span style=\"color: #008000;\">Termal el tipi | Kanal \u0130la\u00e7lama Kullan\u0131m alanlar\u0131 :<\/span><\/h5>\n<p><span style=\"color: #000000;\">Yerle\u015fim alanlar\u0131nda hijyen ve halk sa\u011fl\u0131\u011f\u0131, vekt\u00f6r kontrol, sivrisinek, u\u00e7an ve s\u00fcr\u00fcnen ha\u015ferelerin yok edilmesinde g\u00f6rev al\u0131r.<\/span><\/p>\n<p><span style=\"color: #000000;\">Kanalizasyonlar, oteller, e\u011flence parklar\u0131, golf sahalar\u0131, askeri alanlar, tatil kamp ve k\u00f6yleri, yesil alanlar ve ormanlar,<\/span><\/p>\n<p><span style=\"color: #000000;\">batakl\u0131klar, yazl\u0131k ve k\u0131\u015fl\u0131k alanlarda.<\/span><\/p>\n<p><span style=\"color: #000000;\">Belediye \u00e7evre sa\u011fl\u0131\u011f\u0131 ve sokak ila\u00e7lamalar\u0131nda.<\/span><\/p>\n<p><span style=\"color: #000000;\">Tar\u0131msal ve k\u0131rsal alanlarda, ah\u0131rlar, a\u011f\u0131llar, tavuk \u00e7iftlikleri, seralar ve bitkilerin korunmas\u0131nda, ayr\u0131ca k\u0131\u015f\u0131n seralarda donu \u00f6nlemek i\u00e7in antifriz olarakta kullan\u0131l\u0131r.<\/span><\/p>\n<p><span style=\"color: #000000;\">Tar\u0131m \u00fcr\u00fcnleri, tekstil, t\u00fct\u00fcn vb depolama alanlar\u0131, ambarlar\u0131nda.<\/span><\/p>\n<p><span style=\"color: #000000;\">Koku giderici dezenfektan olarak; batakl\u0131k, kanalizasyon, at\u0131k su alanlar\u0131 ve \u00e7\u00f6p y\u0131\u011f\u0131n alanlar\u0131nda kullan\u0131l\u0131r. Ara\u00e7lar\u0131n, b\u00fcy\u00fck<\/span><\/p>\n<p><span style=\"color: #000000;\">makinelerin giremedi\u011fi, yollar\u0131n bozuk ve dar oldu\u011fu alanlarda hafifli\u011fi ve elde kolayca ta\u015f\u0131nabilme \u00f6zelli\u011fi ile<\/span><\/p>\n<p><span style=\"color: #000000;\">zahmetsizce ila\u00e7lama yapabilmektedir.<\/span><\/p>\n<h5><span style=\"color: #008000;\">KANAL \u0130LA\u00c7LAMA&nbsp; KULLANIMI&nbsp;<\/span><\/h5>\n<p><span style=\"color: #000000;\">Motorlu ve Jenar\u00f6t\u00f6rl\u00fc \u0130la\u00e7lama makineleri kullan\u0131m amac\u0131 nedeni ile sokak, cadde, k\u00f6y, kasaba ,site gibi a\u00e7\u0131k alanlar\u0131n yada kapal\u0131 alanlarda b\u00fcy\u00fck hangar. ah\u0131r gibi yerlerin ha\u015fere ila\u00e7lanmas\u0131 \u00fczerine tasarlanm\u0131\u015ft\u0131r. A\u011f\u0131r ve b\u00fcy\u00fck olma sebebi ile Ara\u00e7 \u00fczerinde yada ta\u015f\u0131y\u0131c\u0131 \u00fczerinde ta\u015f\u0131nmas\u0131 uygun olmaktad\u0131r . Ara\u00e7 \u00fcst\u00fc cihazlar\u0131n en b\u00fcy\u00fck \u00f6zelli\u011fi kumandal\u0131 olmas\u0131d\u0131r. Arac\u0131 s\u00fcren \u015fof\u00f6r yada varsa yard\u0131mc\u0131s\u0131 ara\u00e7tan inmeden ila\u00e7lama cihaz\u0131n\u0131 kontrol edebilir ayr\u0131ca ilaca ( insektisite ) maruz kalmalar\u0131 engellenir. Kullanaca\u011f\u0131n\u0131z yerin b\u00fcy\u00fckl\u00fc\u011f\u00fc alan\u0131, konumu ayr\u0131ca ha\u015fere yo\u011funlu\u011funa g\u00f6re Termal cihazlar\u0131ndan sizlerle birlikte fikir al\u0131\u015f veri\u015finden sonra cihaz modeli tavsiye edilmesi kullan\u0131ma uygunlu\u011fu belirlenmesinde fayda sa\u011flayacakt\u0131r.<\/span><\/p>\n<h5><span style=\"color: #008000;\">Sat\u0131\u015f \u00d6ncesi Hizmet&nbsp;<span style=\"font-family: Lato; font-size: 17px; font-style: normal;\">!!<\/span><span style=\"font-family: Lato; font-size: 17px; font-style: normal; font-weight: bold;\">&nbsp;<\/span><\/span><\/h5>\n<p><span style=\"color: #000000;\">Termal fog makinas\u0131 se\u00e7erken baz\u0131 kriterlerin ( Alan, saha, m\u00fccadele ) amac\u0131 g\u00f6zden ge\u00e7irilmesinde mutlaka fayda olacakt\u0131r. Bu nedenle Termal ila\u00e7lama cihaz\u0131 almadan \u00f6nce mutlaka M\u00fc\u015fteri temsilcimizle ileti\u015fime ge\u00e7iniz . 0532 065 9117<\/span><\/p>\n<h5><span style=\"color: #008000;\">Sat\u0131\u015f Sonras\u0131 Hizmet !!!<\/span><\/h5>\n<p><span style=\"color: #000000;\">G\u00f6r\u00fcnt\u00fcl\u00fc konu\u015fma ile uzaktan \u00e7al\u0131\u015ft\u0131rma talimat\u0131 ve teknik yard\u0131m hatt\u0131.<\/span><br><span style=\"color: #000000;\">\u0130htiyac\u0131n\u0131z olan yedek par\u00e7an\u0131n kod numaras\u0131n\u0131 bilmiyorsan\u0131z resmini \u00e7ekip bu hat \u00fczerinden g\u00f6nderebilirsiniz.<\/span><br><span style=\"color: #000000;\">Uzmanl\u0131k gerektiren ar\u0131za tespiti veya teknik bilgimize dan\u0131\u015fmak i\u00e7in 0532 065 9117 \u2013 ( 7\/24 ) bu hat \u00fczerinden ileti\u015fim kurabilirsiniz<\/span><\/p>\t\t\t\t\t<\/div>\n\t\t\t\t\t\t<\/div>\n\t\t\t\t<\/div>\n\t\t\t\t\t\t<\/div>\n\t\t\t\t\t<\/div>\n\t\t<\/div>\n\t\t\t\t\t\t\t\t<\/div>\n\t\t\t\t\t<\/div>\n\t\t<\/section>\n\t\t\t\t<section class=\"elementor-section elementor-top-section elementor-element elementor-element-cb712f5 elementor-section-boxed elementor-section-height-default elementor-section-height-default\" data-id=\"cb712f5\" data-element_type=\"section\">\n\t\t\t\t\t\t<div class=\"elementor-container elementor-column-gap-default\">\n\t\t\t\t\t\t\t<div class=\"elementor-row\">\n\t\t\t\t\t<div class=\"elementor-column elementor-col-100 elementor-top-column elementor-element elementor-element-a6fbe0f\" data-id=\"a6fbe0f\" data-element_type=\"column\">\n\t\t\t<div class=\"elementor-column-wrap elementor-element-populated\">\n\t\t\t\t\t\t\t<div class=\"elementor-widget-wrap\">\n\t\t\t\t\t\t<div class=\"elementor-element elementor-element-357ddab elementor-align-right elementor-widget elementor-widget-button\" data-id=\"357ddab\" data-element_type=\"widget\" data-widget_type=\"button.default\">\n\t\t\t\t<div class=\"elementor-widget-container\">\n\t\t\t\t\t<div class=\"elementor-button-wrapper\">\n\t\t\t<a href=\"https:\/\/api.whatsapp.com\/send?phone=905323435697\" class=\"elementor-button-link elementor-button elementor-size-sm\" role=\"button\">\n\t\t\t\t\t\t<span class=\"elementor-button-content-wrapper\">\n\t\t\t\t\t\t<span class=\"elementor-button-text\">Watshapp Destek Hatt\u0131<\/span>\n\t\t<\/span>\n\t\t\t\t\t<\/a>\n\t\t<\/div>\n\t\t\t\t<\/div>\n\t\t\t\t<\/div>\n\t\t\t\t\t\t<\/div>\n\t\t\t\t\t<\/div>\n\t\t<\/div>\n\t\t\t\t\t\t\t\t<\/div>\n\t\t\t\t\t<\/div>\n\t\t<\/section>\n\t\t\t\t<section class=\"elementor-section elementor-top-section elementor-element elementor-element-4ed37ac elementor-section-boxed elementor-section-height-default elementor-section-height-default\" data-id=\"4ed37ac\" data-element_type=\"section\">\n\t\t\t\t\t\t<div class=\"elementor-container elementor-column-gap-default\">\n\t\t\t\t\t\t\t<div class=\"elementor-row\">\n\t\t\t\t\t<div class=\"elementor-column elementor-col-100 elementor-top-column elementor-element elementor-element-2cd954a\" data-id=\"2cd954a\" data-element_type=\"column\">\n\t\t\t<div class=\"elementor-column-wrap elementor-element-populated\">\n\t\t\t\t\t\t\t<div class=\"elementor-widget-wrap\">\n\t\t\t\t\t\t<div class=\"elementor-element elementor-element-e9884f1 elementor-align-right elementor-widget elementor-widget-button\" data-id=\"e9884f1\" data-element_type=\"widget\" data-widget_type=\"button.default\">\n\t\t\t\t<div class=\"elementor-widget-container\">\n\t\t\t\t\t<div class=\"elementor-button-wrapper\">\n\t\t\t<a href=\"https:\/\/www.duruhd.com\/hd20\/tum-makineler-mist-blower-ulv-ilaclama\/\" class=\"elementor-button-link elementor-button elementor-size-sm\" role=\"button\">\n\t\t\t\t\t\t<span class=\"elementor-button-content-wrapper\">\n\t\t\t\t\t\t<span class=\"elementor-button-text\">T\u00fcm Makinelere Geri D\u00f6n<\/span>\n\t\t<\/span>\n\t\t\t\t\t<\/a>\n\t\t<\/div>\n\t\t\t\t<\/div>\n\t\t\t\t<\/div>\n\t\t\t\t\t\t<\/div>\n\t\t\t\t\t<\/div>\n\t\t<\/div>\n\t\t\t\t\t\t\t\t<\/div>\n\t\t\t\t\t<\/div>\n\t\t<\/section>\n\t\t\t\t\t\t<\/div>\n\t\t\t\t\t\t<\/div>\n\t\t\t\t\t<\/div>\n\t\t","protected":false},"excerpt":{"rendered":"<p>Termal el tipi\u00a0 kanal sisleme\u00a0 \u00dcR\u00dcN\u00dc \u0130NCELE \u00dcR\u00dcN\u00dc \u0130NCELE Termal el tipi | Kanal sisleme | Don \u00d6nleme&nbsp; Termal el tipi ve&nbsp; kanal \u0130la\u00e7lama makinesi ila\u00e7 ve ya\u011f bazl\u0131 sol\u00fcsyonun kar\u0131\u015f\u0131m form\u00fclasyonunu y\u00fcksek \u0131s\u0131ya maruz b\u0131rakarak 20\u00b5m \u00e7ap\u0131nda ila\u00e7lama ger\u00e7ekle\u015ftirmektedir. Paslanmaz \u00e7elikten \u00fcretilen ekstra esnek hortumu kanal sisleme uygulamalar\u0131 ve \u00e7\u00f6p konteyn\u0131rlar\u0131n\u0131, larva, sinek, sivri&#8230;<\/p>\n","protected":false},"author":1,"featured_media":13923,"parent":0,"menu_order":0,"comment_status":"closed","ping_status":"closed","template":"","meta":{"footnotes":""},"class_list":["post-2944","page","type-page","status-publish","has-post-thumbnail","hentry"],"_links":{"self":[{"href":"https:\/\/www.duruhd.com\/hd20\/wp-json\/wp\/v2\/pages\/2944"}],"collection":[{"href":"https:\/\/www.duruhd.com\/hd20\/wp-json\/wp\/v2\/pages"}],"about":[{"href":"https:\/\/www.duruhd.com\/hd20\/wp-json\/wp\/v2\/types\/page"}],"author":[{"embeddable":true,"href":"https:\/\/www.duruhd.com\/hd20\/wp-json\/wp\/v2\/users\/1"}],"replies":[{"embeddable":true,"href":"https:\/\/www.duruhd.com\/hd20\/wp-json\/wp\/v2\/comments?post=2944"}],"version-history":[{"count":180,"href":"https:\/\/www.duruhd.com\/hd20\/wp-json\/wp\/v2\/pages\/2944\/revisions"}],"predecessor-version":[{"id":14736,"href":"https:\/\/www.duruhd.com\/hd20\/wp-json\/wp\/v2\/pages\/2944\/revisions\/14736"}],"wp:featuredmedia":[{"embeddable":true,"href":"https:\/\/www.duruhd.com\/hd20\/wp-json\/wp\/v2\/media\/13923"}],"wp:attachment":[{"href":"https:\/\/www.duruhd.com\/hd20\/wp-json\/wp\/v2\/media?parent=2944"}],"curies":[{"name":"wp","href":"https:\/\/api.w.org\/{rel}","templated":true}]}}